{"id":742,"date":"2025-11-05T15:30:04","date_gmt":"2025-11-05T15:30:04","guid":{"rendered":"https:\/\/farmaciasariaza.com.mx\/anterior\/?post_type=product&#038;p=742"},"modified":"2025-11-05T15:31:01","modified_gmt":"2025-11-05T15:31:01","slug":"itraconazolcaps-rixtal","status":"publish","type":"product","link":"https:\/\/farmaciasariaza.com.mx\/anterior\/product\/itraconazolcaps-rixtal\/","title":{"rendered":"ITRACONAZOLCAPS (RIXTAL)"},"content":{"rendered":"<p><strong>Itraconazol (Rixtal) C\u00e1psulas es un antif\u00fangico de amplio espectro utilizado en el tratamiento de candidiasis, dermatofitosis e infecciones por hongos susceptibles. Su mecanismo de acci\u00f3n inhibe la producci\u00f3n de ergosterol, componente esencial de la membrana del hongo.<\/strong><\/p>\n<p><br data-start=\"714\" data-end=\"717\" \/><strong>Debe emplearse \u00fanicamente bajo prescripci\u00f3n m\u00e9dica debido al potencial de interacciones medicamentosas y la necesidad de control de la funci\u00f3n hep\u00e1tica.<\/strong><\/p>\n","protected":false},"excerpt":{"rendered":"<p data-start=\"203\" data-end=\"395\"><strong data-start=\"203\" data-end=\"236\">Itraconazol (Rixtal) C\u00e1psulas<\/strong> es un antimic\u00f3tico indicado para tratar infecciones por hongos como candidiasis o ti\u00f1a. Act\u00faa deteniendo el crecimiento f\u00fangico y favoreciendo su eliminaci\u00f3n.<\/p>\n","protected":false},"featured_media":744,"comment_status":"open","ping_status":"closed","template":"","meta":[],"product_brand":[],"product_cat":[23],"product_tag":[],"class_list":{"0":"post-742","1":"product","2":"type-product","3":"status-publish","4":"has-post-thumbnail","6":"product_cat-ofertas-otono","8":"first","9":"instock","10":"shipping-taxable","11":"purchasable","12":"product-type-simple"},"_links":{"self":[{"href":"https:\/\/farmaciasariaza.com.mx\/anterior\/wp-json\/wp\/v2\/product\/742","targetHints":{"allow":["GET"]}}],"collection":[{"href":"https:\/\/farmaciasariaza.com.mx\/anterior\/wp-json\/wp\/v2\/product"}],"about":[{"href":"https:\/\/farmaciasariaza.com.mx\/anterior\/wp-json\/wp\/v2\/types\/product"}],"replies":[{"embeddable":true,"href":"https:\/\/farmaciasariaza.com.mx\/anterior\/wp-json\/wp\/v2\/comments?post=742"}],"wp:featuredmedia":[{"embeddable":true,"href":"https:\/\/farmaciasariaza.com.mx\/anterior\/wp-json\/wp\/v2\/media\/744"}],"wp:attachment":[{"href":"https:\/\/farmaciasariaza.com.mx\/anterior\/wp-json\/wp\/v2\/media?parent=742"}],"wp:term":[{"taxonomy":"product_brand","embeddable":true,"href":"https:\/\/farmaciasariaza.com.mx\/anterior\/wp-json\/wp\/v2\/product_brand?post=742"},{"taxonomy":"product_cat","embeddable":true,"href":"https:\/\/farmaciasariaza.com.mx\/anterior\/wp-json\/wp\/v2\/product_cat?post=742"},{"taxonomy":"product_tag","embeddable":true,"href":"https:\/\/farmaciasariaza.com.mx\/anterior\/wp-json\/wp\/v2\/product_tag?post=742"}],"curies":[{"name":"wp","href":"https:\/\/api.w.org\/{rel}","templated":true}]}}