{"id":719,"date":"2025-11-05T14:25:11","date_gmt":"2025-11-05T14:25:11","guid":{"rendered":"https:\/\/farmaciasariaza.com.mx\/anterior\/?post_type=product&#038;p=719"},"modified":"2025-11-05T15:07:40","modified_gmt":"2025-11-05T15:07:40","slug":"xl3-xtra","status":"publish","type":"product","link":"https:\/\/farmaciasariaza.com.mx\/anterior\/product\/xl3-xtra\/","title":{"rendered":"XL3 &#8211; XTRA CAPS"},"content":{"rendered":"<h5>XL-3 Xtra es un medicamento de acci\u00f3n m\u00faltiple que ayuda a reducir los principales s\u00edntomas del resfriado com\u00fan y la gripe: fiebre, dolor de cabeza o cuerpo, congesti\u00f3n, escurrimiento nasal, estornudos y tos. Contiene acetaminof\u00e9n, clorfeniramina, dextrometorfano y fenilefrina, combinados para ayudarte a sentirte mejor y continuar con tus actividades.<\/h5>\n<h5><br data-start=\"815\" data-end=\"818\" \/>Adecuado para adultos y mayores de 12 a\u00f1os. No exceder la dosis indicada.<\/h5>\n","protected":false},"excerpt":{"rendered":"<p><strong data-start=\"156\" data-end=\"169\">XL-3 Xtra<\/strong> alivia de forma r\u00e1pida los s\u00edntomas del resfriado y gripe: fiebre, dolor, congesti\u00f3n, tos y secreci\u00f3n nasal. F\u00f3rmula con analg\u00e9sico, antihistam\u00ednico, antitusivo y descongestivo para mejorar tu bienestar diario.<\/p>\n","protected":false},"featured_media":735,"comment_status":"open","ping_status":"closed","template":"","meta":[],"product_brand":[],"product_cat":[23],"product_tag":[28,27,25,24,26],"class_list":{"0":"post-719","1":"product","2":"type-product","3":"status-publish","4":"has-post-thumbnail","6":"product_cat-ofertas-otono","7":"product_tag-cuerpo-cortado","8":"product_tag-dolor-de-cabeza","9":"product_tag-fiebre","10":"product_tag-gripe","11":"product_tag-tos","13":"first","14":"instock","15":"shipping-taxable","16":"purchasable","17":"product-type-simple"},"_links":{"self":[{"href":"https:\/\/farmaciasariaza.com.mx\/anterior\/wp-json\/wp\/v2\/product\/719","targetHints":{"allow":["GET"]}}],"collection":[{"href":"https:\/\/farmaciasariaza.com.mx\/anterior\/wp-json\/wp\/v2\/product"}],"about":[{"href":"https:\/\/farmaciasariaza.com.mx\/anterior\/wp-json\/wp\/v2\/types\/product"}],"replies":[{"embeddable":true,"href":"https:\/\/farmaciasariaza.com.mx\/anterior\/wp-json\/wp\/v2\/comments?post=719"}],"wp:featuredmedia":[{"embeddable":true,"href":"https:\/\/farmaciasariaza.com.mx\/anterior\/wp-json\/wp\/v2\/media\/735"}],"wp:attachment":[{"href":"https:\/\/farmaciasariaza.com.mx\/anterior\/wp-json\/wp\/v2\/media?parent=719"}],"wp:term":[{"taxonomy":"product_brand","embeddable":true,"href":"https:\/\/farmaciasariaza.com.mx\/anterior\/wp-json\/wp\/v2\/product_brand?post=719"},{"taxonomy":"product_cat","embeddable":true,"href":"https:\/\/farmaciasariaza.com.mx\/anterior\/wp-json\/wp\/v2\/product_cat?post=719"},{"taxonomy":"product_tag","embeddable":true,"href":"https:\/\/farmaciasariaza.com.mx\/anterior\/wp-json\/wp\/v2\/product_tag?post=719"}],"curies":[{"name":"wp","href":"https:\/\/api.w.org\/{rel}","templated":true}]}}